{"id":224,"date":"2025-03-12T12:22:43","date_gmt":"2025-03-12T09:22:43","guid":{"rendered":"https:\/\/hipodroomi.reterra.ee\/ari\/?page_id=224"},"modified":"2026-01-20T16:04:36","modified_gmt":"2026-01-20T13:04:36","slug":"siselahendused","status":"publish","type":"page","link":"https:\/\/hipodroomi.reterra.ee\/ari\/siselahendused\/","title":{"rendered":"Siselahendused"},"content":{"rendered":"\n<section class=\"page-title-block py-42 bg-white overflow-hidden\" >\n    <div class=\"container d-flex flex-column gap-48 gap-lg-64\">\n                    <h1 class=\"slide-title mb-0\">\n                                    <span>Inspireeriv<\/span>\n                                    <span>keskkond<\/span>\n                            <\/h1>\n        \n                    <div class=\"content d-flex flex-column flex-lg-row gap-32 gap-lg-72  justify-content-end\">\n                \n                                    <div class=\"text w-100\">\n                        <p>Hipodroomi \u00e4rimajas ei oota sind pelgalt kontor vaid inspiratsiooniallikas, mille sisekujunduse ja planeeringu loome sinu n\u00e4gemuse j\u00e4rgi. Esmaklassiline t\u00f6\u00f6keskkond ja looduse l\u00e4hedus hoiab pea selge ja isegi kui midagi metsa l\u00e4heb, aitab m\u00f5ne minuti kaugusel asuv metsatukk m\u00f5tteid korrastada. <\/p>\n<p>Tutvu allpool v\u00f5imalike lahendustega.<\/p>\n                    <\/div>\n                            <\/div>\n            <\/div>\n<\/section>\n\n    <section class=\"slider-block different-alignment position-relative overflow-hidden\" id=\"block_3894ce0ba8375e6bff7b7094c34c4afe\" >\n        <div class=\"block-slider swiper-slider\">\n            <div class=\"swiper-wrapper\">\n                                                        <div class=\"swiper-slide image bg-center position-relative\" style=\"background-image: url('https:\/\/hipodroomi.reterra.ee\/ari\/wp-content\/uploads\/2026\/01\/Helikindlad-lahendused.jpg');\">\n                        <h3 data-index=\"0\" class=\"image-title position-absolute top-0 start-50 mb-0 translate-middle-x d-inline-block bg-lightturqoise rounded-pill py-8 py-lg-12 px-24 px-lg-32 mt-140 text-center\">Helikindlad lahendused<\/h3>\n                    <\/div>\n                                                        <div class=\"swiper-slide image bg-center position-relative\" style=\"background-image: url('https:\/\/hipodroomi.reterra.ee\/ari\/wp-content\/uploads\/2026\/01\/Iglusaun.jpg');\">\n                        <h3 data-index=\"1\" class=\"image-title position-absolute top-0 start-50 mb-0 translate-middle-x d-inline-block bg-lightturqoise rounded-pill py-8 py-lg-12 px-24 px-lg-32 mt-140 text-center\">Iglusaun<\/h3>\n                    <\/div>\n                                                        <div class=\"swiper-slide image bg-center position-relative\" style=\"background-image: url('https:\/\/hipodroomi.reterra.ee\/ari\/wp-content\/uploads\/2026\/01\/Nutilahendused_UUS.jpg');\">\n                        <h3 data-index=\"2\" class=\"image-title position-absolute top-0 start-50 mb-0 translate-middle-x d-inline-block bg-lightturqoise rounded-pill py-8 py-lg-12 px-24 px-lg-32 mt-140 text-center\">Nutilahendused<\/h3>\n                    <\/div>\n                                                        <div class=\"swiper-slide image bg-center position-relative\" style=\"background-image: url('https:\/\/hipodroomi.reterra.ee\/ari\/wp-content\/uploads\/2026\/01\/Loogastusalad_UUS.jpg');\">\n                        <h3 data-index=\"3\" class=\"image-title position-absolute top-0 start-50 mb-0 translate-middle-x d-inline-block bg-lightturqoise rounded-pill py-8 py-lg-12 px-24 px-lg-32 mt-140 text-center\">L\u00f5\u00f5gastusalad<\/h3>\n                    <\/div>\n                                                        <div class=\"swiper-slide image bg-center position-relative\" style=\"background-image: url('https:\/\/hipodroomi.reterra.ee\/ari\/wp-content\/uploads\/2026\/01\/Rohesein.jpg');\">\n                        <h3 data-index=\"4\" class=\"image-title position-absolute top-0 start-50 mb-0 translate-middle-x d-inline-block bg-lightturqoise rounded-pill py-8 py-lg-12 px-24 px-lg-32 mt-140 text-center\">Rohesein<\/h3>\n                    <\/div>\n                            <\/div>\n        <\/div>\n        <div class=\"swiper-prev position-absolute\">\n            <img loading=\"lazy\" decoding=\"async\" src=\"https:\/\/hipodroomi.reterra.ee\/ari\/wp-content\/themes\/hipodroomi-ari\/images\/swiper-prev.svg\" alt=\"Swiper Next Element\" width=\"52\" height=\"52\">\n        <\/div>\n        <div class=\"swiper-next position-absolute\">\n            <img loading=\"lazy\" decoding=\"async\" src=\"https:\/\/hipodroomi.reterra.ee\/ari\/wp-content\/themes\/hipodroomi-ari\/images\/swiper-next.svg\" alt=\"Swiper Next Element\" width=\"52\" height=\"52\">\n        <\/div>\n    <\/section>\n\n\n\n<section class=\"text-sliding-media-block position-relative py-120 overflow-hidden pt-120 pb-42 mobile-smaller-title\"   data-color=\"#0e3328\">\n    <div class=\"container\">\n        <div class=\"block-content d-flex align-items-center flex-column-reverse gap-24 gap-lg-88 flex-lg-row\">\n            <div class=\"content d-flex flex-column align-items-start gap-32\">\n                                    <h2 class=\"slide-title mb-0\">\n                                                    <span>\u00dcldkasutatavad ja <\/span>\n                                                    <span>privaatsed terrassid<\/span>\n                                            <\/h2>\n                \n                \n                                    <div class=\"content-wrap\">\n                        <p>Paljud Hipodroomi \u00e4rimaja pinnad avavad ukse privaatsetele terrassidele v\u00f5i r\u00f5dudele \u2013 siit avanevad vaated Stroomi metsa rohelusse ja ranna hingusele, pilk linna siluetile v\u00f5i lihtsalt v\u00f5imalus hingata v\u00e4rsket meretuult. \u00c4rimaja 5. korrusel ootab ligi 300 m\u00b2 \u00fcldkasutatav terrass \u2013 linnaoaas, kus l\u00f5unapausid saavad uue elu.<\/p>\n                    <\/div>\n                \n                \n                \n            <\/div>\n\n                            <div class=\"media position-relative\">\n                    <div class=\"media-wrap position-absolute top-0 start-0 overflow-hidden\">\n                        <div class=\"inner-wrap position-absolute top-0 start-0 w-100 h-100 overflow-hidden slide-in\">\n                                                            <img loading=\"lazy\" decoding=\"async\" class=\"position-absolute top-0 start-0 w-100 h-100 object-fit-cover\" src=\"https:\/\/hipodroomi.reterra.ee\/ari\/wp-content\/uploads\/2025\/03\/Rectangle-7.png\" width=\"1226\" height=\"945\" alt=\"\">\n                            \n                                                    <\/div>\n                    <\/div>\n                <\/div>\n                    <\/div>\n    <\/div>\n<\/section>\n\n\n<section class=\"text-sliding-media-block position-relative py-120 overflow-hidden pt-42 pb-120 mobile-smaller-title\"   data-color=\"#0e3328\">\n    <div class=\"container\">\n        <div class=\"block-content d-flex align-items-center flex-column-reverse gap-24 gap-lg-88 flex-lg-row-reverse\">\n            <div class=\"content d-flex flex-column align-items-start gap-32\">\n                                    <h2 class=\"slide-title mb-0\">\n                                                    <span>Rohesein l\u00e4bi <\/span>\n                                                    <span>mitme korruse<\/span>\n                                            <\/h2>\n                \n                \n                                    <div class=\"content-wrap\">\n                        <p>Hipodroomi \u00e4rimajas kasvavad l\u00e4bi korruste aiulaadsed roheseinad, mis r\u00f5\u00f5mustavad nii seesolijate kui v\u00e4ljast tulijate silma. Automaatse kastmiss\u00fcsteemiga taimeriiulid \u00f5itsevad korrustel 7\u201310 ning eristuvad oma mastaabiga k\u00f5ikidest teistest Eesti \u00e4rihoonetest.<\/p>\n                    <\/div>\n                \n                \n                \n            <\/div>\n\n                            <div class=\"media position-relative\">\n                    <div class=\"media-wrap position-absolute top-0 end-0 overflow-hidden\">\n                        <div class=\"inner-wrap position-absolute top-0 start-0 w-100 h-100 overflow-hidden slide-in anim-reverse\">\n                                                            <img loading=\"lazy\" decoding=\"async\" class=\"position-absolute top-0 start-0 w-100 h-100 object-fit-cover\" src=\"https:\/\/hipodroomi.reterra.ee\/ari\/wp-content\/uploads\/2025\/03\/pexels-koolshooters-8531825-Original_1-2.png\" width=\"1408\" height=\"934\" alt=\"\">\n                            \n                                                    <\/div>\n                    <\/div>\n                <\/div>\n                    <\/div>\n    <\/div>\n<\/section>\n\n\n<section class=\"text-sliding-media-block position-relative py-120 overflow-hidden pt-120 pb-120 mobile-smaller-title\"  >\n    <div class=\"container\">\n        <div class=\"block-content d-flex align-items-center flex-column-reverse gap-24 gap-lg-88 flex-lg-row\">\n            <div class=\"content d-flex flex-column align-items-start gap-32\">\n                                    <h2 class=\"slide-title mb-0\">\n                                                    <span>Sisearhitektuur<\/span>\n                                            <\/h2>\n                \n                \n                                    <div class=\"content-wrap\">\n                        <p>Sisearhitekti Birgit Jaanuse poolt hoolikalt valitud materjalide, tekstuuride ja v\u00e4rvide kooslused panevad iga ruumi r\u00e4\u00e4kima oma lugu. Nii nagu sobiva suurusega pinna leidmisel, saame sind aidata ka ruumilahenduse ja sisekujunduse planeerimisel. <\/p>\n                    <\/div>\n                \n                                    <img loading=\"lazy\" decoding=\"async\" class=\"logo-after\" src=\"https:\/\/hipodroomi.reterra.ee\/ari\/wp-content\/uploads\/2025\/03\/uuid-f170cd27-c7f6-4028-b754-373b9252d565.svg\" width=\"135\" height=\"83\" alt=\"\">\n                \n                \n            <\/div>\n\n                            <div class=\"media position-relative\">\n                    <div class=\"media-wrap position-absolute top-0 start-0 overflow-hidden\">\n                        <div class=\"inner-wrap position-absolute top-0 start-0 w-100 h-100 overflow-hidden slide-in\">\n                                                            <img loading=\"lazy\" decoding=\"async\" class=\"position-absolute top-0 start-0 w-100 h-100 object-fit-cover\" src=\"https:\/\/hipodroomi.reterra.ee\/ari\/wp-content\/uploads\/2025\/03\/Rectangle-7-1.png\" width=\"1226\" height=\"945\" alt=\"\">\n                            \n                                                    <\/div>\n                    <\/div>\n                <\/div>\n                    <\/div>\n    <\/div>\n<\/section>","protected":false},"excerpt":{"rendered":"","protected":false},"author":1,"featured_media":0,"parent":0,"menu_order":0,"comment_status":"closed","ping_status":"closed","template":"page-templates\/template-no-title.php","meta":{"_acf_changed":false,"footnotes":""},"class_list":["post-224","page","type-page","status-publish","hentry"],"acf":[],"_links":{"self":[{"href":"https:\/\/hipodroomi.reterra.ee\/ari\/wp-json\/wp\/v2\/pages\/224","targetHints":{"allow":["GET"]}}],"collection":[{"href":"https:\/\/hipodroomi.reterra.ee\/ari\/wp-json\/wp\/v2\/pages"}],"about":[{"href":"https:\/\/hipodroomi.reterra.ee\/ari\/wp-json\/wp\/v2\/types\/page"}],"author":[{"embeddable":true,"href":"https:\/\/hipodroomi.reterra.ee\/ari\/wp-json\/wp\/v2\/users\/1"}],"replies":[{"embeddable":true,"href":"https:\/\/hipodroomi.reterra.ee\/ari\/wp-json\/wp\/v2\/comments?post=224"}],"version-history":[{"count":21,"href":"https:\/\/hipodroomi.reterra.ee\/ari\/wp-json\/wp\/v2\/pages\/224\/revisions"}],"predecessor-version":[{"id":1945,"href":"https:\/\/hipodroomi.reterra.ee\/ari\/wp-json\/wp\/v2\/pages\/224\/revisions\/1945"}],"wp:attachment":[{"href":"https:\/\/hipodroomi.reterra.ee\/ari\/wp-json\/wp\/v2\/media?parent=224"}],"curies":[{"name":"wp","href":"https:\/\/api.w.org\/{rel}","templated":true}]}}