{"id":527,"date":"2024-01-17T12:34:54","date_gmt":"2024-01-17T09:34:54","guid":{"rendered":"https:\/\/hipodroomi.reterra.ee\/elu\/?page_id=527"},"modified":"2024-03-11T15:09:50","modified_gmt":"2024-03-11T12:09:50","slug":"privaatsuspoliitika","status":"publish","type":"page","link":"https:\/\/hipodroomi.reterra.ee\/elu\/privaatsuspoliitika\/","title":{"rendered":"Privaatsuspoliitika"},"content":{"rendered":"\n<h1 class=\"wp-block-heading\">Privaatsuspoliitika, isikuandmete<br>tootlemine ja kupsiste poliitika.<\/h1>\n\n\n\n<p>Vastutav andmet\u00f6\u00f6tleja<\/p>\n\n\n\n<p>HIPODROOMI DEVELOPMENT O\u00dc<br>J\u00f5e 4a, 10151, Tallinn<br>Telefon: 6001004<br>E-mail:&nbsp;<a href=\"javascript:;\">info@reterra.ee<\/a><\/p>\n\n\n\n<p>Isikuandmed on andmed, mida kogume teenuse osutamiseks, isiku tuvastamiseks, isikuga \u00fchenduse v\u00f5tmiseks teenuse osutamiseks v\u00f5i k\u00fcsimuste lahendamiseks. Me ei t\u00f6\u00f6tle EUROOPA PARLAMENDI JA N\u00d5UKOGU M\u00c4\u00c4RUS (EL) 2016\/679 (inglise keeles General Data Protection Regulation ehk GDPR v\u00f5i EU Regulation 2016\/679) m\u00e4\u00e4ruses defineeritud delikaatseid isikuandmeid.<\/p>\n\n\n\n<p>M\u00d5ISTED<\/p>\n\n\n\n<p><em>Vastutav t\u00f6\u00f6tleja<\/em>&nbsp;on f\u00fc\u00fcsiline v\u00f5i juriidiline isik, avaliku sektori asutus, amet v\u00f5i muu organ, kes m\u00e4\u00e4rab kindlaks isikuandmete t\u00f6\u00f6tlemise eesm\u00e4rgid ja vahendid<br><em>Volitatud t\u00f6\u00f6tleja<\/em>&nbsp;on f\u00fc\u00fcsiline v\u00f5i juriidiline isik, avaliku sektori asutus, amet v\u00f5i muu organ, kes t\u00f6\u00f6tleb isikuandmeid vastutava t\u00f6\u00f6tleja nimel;<br><em>Isikuandmed<\/em>&nbsp;on igasugune teave tuvastatud v\u00f5i tuvastatava f\u00fc\u00fcsilise isiku (\u201candmesubjekti\u201d) kohta; tuvastatav f\u00fc\u00fcsiline isik on isik, keda saab otseselt v\u00f5i kaudselt tuvastada, eelk\u00f5ige sellise identifitseerimistunnuse p\u00f5hjal nagu nimi, isikukood, asukohateave, v\u00f5rguidentifikaator v\u00f5i selle f\u00fc\u00fcsilise isiku \u00fche v\u00f5i mitme f\u00fc\u00fcsilise, f\u00fcsioloogilise, geneetilise, vaimse, majandusliku, kultuurilise v\u00f5i sotsiaalse tunnuse p\u00f5hjal;<br><em>Isikuandmete t\u00f6\u00f6tlemine<\/em>&nbsp;\u2013 isikuandmete v\u00f5i nende kogumitega tehtav automatiseeritud v\u00f5i automatiseerimata toiming v\u00f5i toimingute kogum, nagu kogumine, dokumenteerimine, korrastamine, struktureerimine, s\u00e4ilitamine, kohandamine ja muutmine, p\u00e4ringute tegemine, lugemine, kasutamine, edastamise, levitamise v\u00f5i muul moel k\u00e4ttesaadavaks tegemise teel avalikustamine, \u00fchitamine v\u00f5i \u00fchendamine, piiramine, kustutamine v\u00f5i h\u00e4vitamine;<br><em>\u201cK\u00fcpsis\u201d (<\/em>cookie) on v\u00e4ike tekstifail, mida veebileht salvestab sinu arvutisse v\u00f5i nutiseadmesse, kui k\u00fclastad meie veebilehte. See v\u00f5imaldab talletada infot eelistuste kohta, nii et sa ei pea seda lehte taas k\u00fclastades v\u00f5i lehti sirvides uuesti valikuid tegema.<\/p>\n\n\n\n<p>MILLISEID ISIKUANDMEID NING MIS EESM\u00c4RGIL ME KOGUME?<\/p>\n\n\n\n<p>Hipodroomi Development O\u00dc kogub eelk\u00f5ige j\u00e4rgmisi andmeid:<\/p>\n\n\n\n<ul>\n<li>Nimi<\/li>\n\n\n\n<li>E-post<\/li>\n\n\n\n<li>Telefoninumber<\/li>\n\n\n\n<li>Huvipakkuva korteriomandi eelistused<\/li>\n\n\n\n<li>Kliendip\u00e4eva k\u00fclastuse aeg<\/li>\n<\/ul>\n\n\n\n<p>Juhul kui soovite kodulehe kaudu saada m\u00f5ne teenuse kohta rohkem teavet, siis kogume ja t\u00f6\u00f6tleme j\u00e4rgnevaid isikuandmeid \u2013 teie nimi, telefon ning e-posti aadress. P\u00e4ringuid on v\u00f5imalik esitada t\u00e4ites vastava kontaktivormi v\u00f5i saates e-kirja veebilehel antud aadressidele. Pakkumise ettevalmistamiseks kasutame ka krediidiinfo p\u00e4ringust saadud andmeid ettev\u00f5tte\/isiku kohta.<br>\u00d5iguslik alus taoliseks isikuandmete t\u00f6\u00f6tlemiseks on isikuandmete t\u00f6\u00f6tlemine andmesubjekti osalusel s\u00f5lmitud lepingu t\u00e4itmiseks v\u00f5i lepingu s\u00f5lmimisele eelnevate meetmete v\u00f5tmiseks vastavalt andmesubjekti taotlusele (GDPR Art 6(1)(b)).<\/p>\n\n\n\n<p>T\u00f6\u00f6tleme lisaks j\u00e4rgmiste andmesubjektide j\u00e4rgmisi isikuandmeid:<\/p>\n\n\n\n<ul>\n<li>Meie veebilehel uudiskirjaga liitumisel t\u00f6\u00f6tleme andmeid teie nime ja kontaktandmete (e-post) kohta<\/li>\n\n\n\n<li>Meie veebilehel arendusprojektide huviliste nimekirja registreerimisel t\u00f6\u00f6tleme andmeid teie nime ja kontaktandmete (kontakttelefon ja e-post) kohta ning teie eelistuste kohta huvipakkuva korteriomandi osas (suurus, hind)<\/li>\n\n\n\n<li>Meie kliendip\u00e4evadele registreerunute ja osalejate puhul t\u00f6\u00f6tleme teie nime ja kontaktandmeid (aadress, kontakttelefon ja e-post, k\u00fclastusaeg) ning teie eelistuste kohta huvipakkuva korteriomandi osas (suurus, hind)<\/li>\n\n\n\n<li>Meiega lepingu s\u00f5lmimise puhul t\u00f6\u00f6tleme andmeid teie nime, isikukoodi, kontaktandmete (aadress, kontakttelefon ja e-post) ja perekonnaseisu kohta; samuti t\u00f6\u00f6tleme vastavaid andmeid (v.a andmeid perekonnaseisu kohta) teie volitatud esindaja kohta<\/li>\n\n\n\n<li>Meie kliendip\u00e4evadel v\u00f5i muudel meie poolt korraldatud avalikel \u00fcritustel osalemise korral t\u00f6\u00f6tleme teie kujutist (video- ja fotomaterjal)<\/li>\n\n\n\n<li>Meie arendusobjekti territooriumil viibimise korral t\u00f6\u00f6tleme teie kujutist, teie k\u00f5iki muid isikuandmeid ja tegevusi, mis on n\u00e4htavad territooriumi videovalvega alas<\/li>\n<\/ul>\n\n\n\n<p>VEEBILEHE SIRVIMISE STATISTIKA<\/p>\n\n\n\n<p><br>Veebilehtede k\u00fclastamisel kogutakse k\u00fclastaja kohta isikustamata tehnilisi andmeid.<br>Tehnilised andmed piirduvad kasutatava arvuti v\u00f5i arvutiv\u00f5rgu internetiaadressiga (IP-aadress), arvuti veebilehitseja ja operatsioonis\u00fcsteemi tarkvaraversiooniga, k\u00fclastamise aja (kellaaeg, kuup\u00e4ev, aasta) ja kohaga. IP-aadresse ei seota isikut tuvastava teabega. \u00dclalpool nimetatud andmete kogumiseks kasutame automatiseeritud t\u00f6\u00f6riista Google Analytics. Kui te ei soovi enda kohta neid andmeid edastada, saate igal ajal keelata oma andmete kogumise Google Analyticsi poolt.<\/p>\n\n\n\n<p>K\u00dcPSISED<\/p>\n\n\n\n<p>Meie veebilehel kasutatakse k\u00fcpsiseid, et pakkuda kasutajatele asjakohasemat sisu ning muuta veebilehe kasutamine mugavamaks ja lihtsamaks. K\u00fcpsised on v\u00e4iksemahulised tekstifailid, mis salvestatakse sinu veebilehitsejasse (veebilehitsejaks kutsume programme nagu n\u00e4iteks Chrome, Firefox, Explorer, Safari) k\u00fclastades meie veebisaiti.<\/p>\n\n\n\n<p>MIS ON K\u00dcPSISED (INGLISE KEELES \u2019COOKIES\u00b4)?<\/p>\n\n\n\n<p>K\u00fcpsised aitavad saada infot selle kohta, kas Sa oled meie lehel esimest korda v\u00f5i oled seda ka varasemalt k\u00fclastanud; mitu korda on loetud m\u00f5nda artiklit v\u00f5i alla laaditud infomaterjali. K\u00fcpsiseid kasutatakse, et muuta veebileht sulle mugavamaks, lihtsamaks ja personaalsemaks. K\u00fcpsistega seotud informatsiooni ei kasutata sinu isiku tuvastamiseks ning kogutud andmed on meie kontrolli all. K\u00fcpsiseid ei kasutata \u00fchekski muuks otstarbeks kui j\u00e4rgnevalt kirjeldatud.<\/p>\n\n\n\n<p>K\u00dcPSISTE KASUTAMISEST KEELDUMINE<\/p>\n\n\n\n<p>Sul on v\u00f5imalus keelata k\u00f5igi v\u00f5i valikuliselt m\u00f5nede k\u00fcpsiste salvestamine oma seadmesse muutes oma veebilehitseja seadeid v\u00f5i tehes valiku veebilehte k\u00fclastades. K\u00fcpsiste keelamisel ei pruugi veebileht t\u00f6\u00f6tada enam ootusp\u00e4raselt, kuna veebilehe funktsionaalsus v\u00f5ib olla h\u00e4iritud.<\/p>\n\n\n\n<p>EELNEVALT ANTUD N\u00d5USOLEKU MUUTMINE<\/p>\n\n\n\n<p>Kui Sa oled algselt n\u00f5ustunud k\u00fcpsiste kasutamisega oma veebilehitsejas ning \u00fchel hetkel soovid oma n\u00f5usolekut muuta v\u00f5i tagasi v\u00f5tta, tuleb Sul muuta veebilehitsejas oma seadeid ning ka kustutada eelnevalt seadmesse salvestatud k\u00fcpsised. Veebilehe seadetes saab k\u00fcpsised vastavalt Sinu soovile igal ajal kustutada.<strong><\/strong><\/p>\n\n\n\n<p><strong>Meie veebilehel kasutatakse erinevaid k\u00fcpsiseid, mida saab liigitada j\u00e4rgnevalt:<\/strong><\/p>\n\n\n\n<p>&nbsp;K\u00dcPSISED ELUEA J\u00c4RGI<\/p>\n\n\n\n<p><strong>Seansik\u00fcpsised.<\/strong>&nbsp;Tegu on ajutiste k\u00fcpsistega, mida kasutatakse iga kord, kui k\u00fclastad veebilehte ja kustutatakse p\u00e4rast veebiakna sulgemist. Ajutisi k\u00fcpsiseid kasutatakse n\u00e4iteks ostukorvi sisu meeldej\u00e4tmiseks v\u00f5i autoriseerimise tegemiseks veebilehel.<\/p>\n\n\n\n<p><strong>P\u00fcsivad k\u00fcpsised.<\/strong>&nbsp;Need k\u00fcpsised aitavad meeles pidada Sinuga seonduvat infot ja seadeid, kui Sa peaksid veebilehte tulevikus uuesti k\u00fclastama. N\u00e4iteks saab j\u00e4tta selle k\u00fcpsise abil meelde Sinu keele valiku eelistuse ning sisselogimise kasutajatunnuse ja salas\u00f5na, et Sa ei peaks seda infot veebilehte k\u00fclastades iga kord uuesti sisestama. P\u00fcsivad k\u00fcpsised aitavad lehte kiiremini laadida ning parandavad kasutajamugavust. P\u00fcsivatel k\u00fcpsistel on erinev aegumisperiood \u2013 m\u00f5ned j\u00e4\u00e4vad kasutaja seadmesse tundideks v\u00f5i p\u00e4evadeks, teised kuudeks ja isegi aastateks.<\/p>\n\n\n\n<p>K\u00dcPSISED KUULUVUSE J\u00c4RGI<\/p>\n\n\n\n<p><strong>Veebilehe omaniku enda k\u00fcpsised<\/strong>. Hipodroomi Development O\u00dc veebilehe omanikuna loob, haldab ja paigutab oma veebilehele ise k\u00fcpsiseid.<\/p>\n\n\n\n<p><strong>Kolmandate osapoolte k\u00fcpsised.&nbsp;<\/strong>Need k\u00fcpsised kuuluvad kolmandatele osapooltele ning on paigutatud meie veebilehele veebilehe omaniku loal. Seda v\u00f5ib ette tulla siis, kui meie veebisaidil on kasutatud teistelt osapooltelt p\u00e4rit elemente nagu sotsiaalmeedia lisandmoodulid, reklaamid, pildid v\u00f5i gifid. Meie kodulehel on n\u00e4iteks sellisteks kolmandateks osapoolteks Google (Google Analytics, Google AdService, Google TagManager), Facebook, ning Adform (https:\/\/site.adform.com). Kolmandate osapoolte k\u00fcpsistele kehtivad kolmandate osapoolte k\u00fcpsiste tingimused, millega on v\u00f5imalik tutvuda nende kodulehtedel.<\/p>\n\n\n\n<p>K\u00dcPSISED KASUTUSVIISI J\u00c4RGI<\/p>\n\n\n\n<p><strong>Veebilehe funktsioneerimiseks vajalikud k\u00fcpsised.<\/strong>&nbsp;Need k\u00fcpsised tagavad veebilehe elementaarse funktsionaalsuse. Kui need k\u00fcpsised keelata, ei pruugi veebileht t\u00f6\u00f6tada v\u00f5i t\u00f6\u00f6tab osaliselt. N\u00e4iteks v\u00f5ib kontole sisselogimine v\u00f5i toodete ostukorvi lisamine eba\u00f5nnestuda.<\/p>\n\n\n\n<p><strong>Veebilehe eelistuste salvestamiseks m\u00f5eldud k\u00fcpsised.<\/strong>&nbsp;Need k\u00fcpsised v\u00f5imaldavad veebilehe k\u00fclastajale pakkuda veebilehe t\u00e4iustatud funktsioone ja isikup\u00e4rastamist, n\u00e4iteks j\u00e4tta meelde kasutaja valikuid eelistatud keele v\u00f5i asukoha kohta. Sellised k\u00fcpsised v\u00f5ivad kuuluda ka kolmandatele osapooltele. Nende k\u00fcpsiste keelamisel ei v\u00f5ta veebileht j\u00e4rgmisel korral, kui k\u00fclastad meie veebilehte, arvesse sinu eelnevalt tehtud valikuid.<\/p>\n\n\n\n<p>&nbsp;<strong>Veebilehe statistika ja anal\u00fc\u00fcsi tegemiseks m\u00f5eldud k\u00fcpsised.<\/strong>&nbsp;Need k\u00fcpsised aitavad muuta meie veebilehte paremaks. N\u00e4iteks on anon\u00fc\u00fcmse statistika abil v\u00f5imalik teada saada, kui palju inimesi, millisel ajahetkel k\u00fclastas meie veebilehte ning millistel linkidel, artiklitel v\u00f5i toodetel veebik\u00fclastajad on kl\u00f5psanud. See omakorda aitab meil teha veebilehe arendamiseks paremaid otsuseid ning arvestada Sinu vajadustega. Siin kasutame ka meie kolmandate osapoolte (n\u00e4iteks Google Analytics) abi. Nende k\u00fcpsiste keelamisega ei saa me infot veebilehe kasutamise statistika kohta.<\/p>\n\n\n\n<p><strong>Turustamiseks\/reklaami kuvamiseks m\u00f5eldud k\u00fcpsised.<\/strong>&nbsp;Need k\u00fcpsised aitavad meil ja meie koost\u00f6\u00f6partneritel n\u00e4idata sulle sinu veebik\u00e4itumise p\u00f5hjal isikup\u00e4rastatud ja asjakohastatud reklaame, mida v\u00f5id n\u00e4ha ka hiljem teisi veebisaite k\u00fclastades. Selle kategooria k\u00fcpsiseid kasutatakse sihtturunduseks ja profileerimiseks, olenemata sellest, millist seadet v\u00f5i milliseid seadmeid sa kasutanud oled. Juhul, kui oled andnud n\u00f5usoleku enda internetiliikluse andmete turunduseesm\u00e4rkidel kasutamiseks ja ei ole selle vastu, et sinu kliendiandmeid kasutatakse turunduseesm\u00e4rkidel, v\u00f5idakse sihtturunduse ja profileerimise eesm\u00e4rkidel kogutud teavet kombineerida ka sinu kohta k\u00e4ivate kliendi- ja internetiliikluse andmetega.<\/p>\n\n\n\n<p>Juhul, kui oled n\u00f5ustunud enda internetiliikluse andmete kasutamisega turunduseesm\u00e4rkidel, siis v\u00f5idakse nende k\u00fcpsistega kogutud teavet kombineerida ka sinu kohta k\u00e4ivate kliendiandmetega. Kasutame turunduseesm\u00e4rgil k\u00fcpsiseid, et prognoosida Sinu huvisid, eelistusi ja ostuk\u00e4itumist meie veebis.<\/p>\n\n\n\n<p>KUI KAUA ME ANDMEID S\u00c4ILITAME?<\/p>\n\n\n\n<p>Veebilehel kogutud isikustamata tehnilisi andmeid s\u00e4ilitatakse t\u00e4htajatult. Veebilehitseja seadetest on v\u00f5imalus igal ajal k\u00fcpsised kustutada.<\/p>\n\n\n\n<p><br>Isiku- ja kliendiandmeid s\u00e4ilitame nii kaua, kuni see on vajalik:<\/p>\n\n\n\n<ul>\n<li>Teenuste ja informatsiooni toimetamiseks<\/li>\n\n\n\n<li>Esitatud p\u00e4ringute puhul suhtlemiseks<\/li>\n\n\n\n<li>Valikute ja \u00f5iguste teostamise tagamiseks<\/li>\n<\/ul>\n\n\n\n<p>ISIKUANDMETE JAGAMINE<\/p>\n\n\n\n<p>V\u00f5ime muuta sinu isikuandmed, kliendiandmed v\u00f5i \u00e4riinfo k\u00e4ttesaadavaks firmadele, mis pakuvad meie \u00e4ritegevust toetavaid teenuseid nagu veebilehe anal\u00fc\u00fctikud v\u00f5i klienditeeninduse pakkujad. Need firmad on volitatud kasutama isikuandmeid, kliendiandmeid v\u00f5i \u00e4riinfot ainult selleks, et osutada meile teenuseid. Teenusepakkujate valikul j\u00e4lgime, et teenusepakkuja asuks Euroopa majanduspiirkonnas. Jagame sinu isikuandmeid, kliendiandmeid v\u00f5i \u00e4riinfot kolmandatele isikutele ainult privaatsusteatises kirjeldatud viisil. Me ei m\u00fc\u00fc sinu isikuandmeid kolmandatele isikutele.<\/p>\n\n\n\n<p>\u00d5IGUSED<\/p>\n\n\n\n<p>Teatud juhtudel on teil \u00f5igus n\u00f5uda teie kohta k\u00e4ivate isikuandmete t\u00f6\u00f6tlemise piiramist ja \u00f5igus esitada vastuv\u00e4iteid teie kohta k\u00e4ivate isikuandmete t\u00f6\u00f6tlemisele.<br>Kui leiate, et teie privaatsust on kuritarvitatud, siis palume v\u00f5tta \u00fchendust Vastutava Hipodroomi Development O\u00dc andmet\u00f6\u00f6tlejaga. Teil on samuti \u00f5igus esitada kaebus selle riigi andmekaitse j\u00e4relvalveasutusele, kus asub teie alaline elukoht.<\/p>\n\n\n\n<p>ISIKUANDMETE T\u00d6\u00d6TLEMISEKS ANTUD N\u00d5USOLEKU TAGASIV\u00d5TMINE<\/p>\n\n\n\n<p>Kui Te soovite olla n-\u00f6 unustatud ja kustutada kogutud Teiega seotud andmed, palume Teil sellest meile teada anda kirjutades aadressile&nbsp;<a href=\"javascript:;\">info@reterra.ee<\/a>. Sooviavalduse alusel eemaldame me Teie p\u00e4ringu(te)ga seotud informatsiooni oma s\u00fcsteemidest.<\/p>\n","protected":false},"excerpt":{"rendered":"Privaatsuspoliitika, isikuandmetetootlemine ja kupsiste poliitika. Vastutav andmet\u00f6\u00f6tleja HIPODROOMI DEVELOPMENT O\u00dcJ\u00f5e 4a, 10151, TallinnTelefon: 6001004E-mail:&nbsp;info@reterra.ee Isikuandmed on andmed, mida kogume teenuse osutamiseks, isiku tuvastamiseks, isikuga \u00fchenduse v\u00f5tmiseks teenuse osutamiseks v\u00f5i k\u00fcsimuste lahendamiseks. Me ei t\u00f6\u00f6tle EUROOPA PARLAMENDI JA N\u00d5UKOGU M\u00c4\u00c4RUS (EL) 2016\/679 (inglise keeles General Data Protection Regulation ehk GDPR v\u00f5i EU Regulation 2016\/679) m\u00e4\u00e4ruses defineeritud [&hellip;]","protected":false},"author":1,"featured_media":0,"parent":0,"menu_order":0,"comment_status":"closed","ping_status":"closed","template":"page-templates\/container-page.php","meta":{"_acf_changed":false,"footnotes":""},"acf":[],"yoast_head":"<!-- This site is optimized with the Yoast SEO plugin v22.5 - https:\/\/yoast.com\/wordpress\/plugins\/seo\/ -->\n<title>Privaatsuspoliitika - Hipodroomi<\/title>\n<meta name=\"robots\" content=\"index, follow, max-snippet:-1, max-image-preview:large, max-video-preview:-1\" \/>\n<link rel=\"canonical\" href=\"https:\/\/hipodroomi.reterra.ee\/elu\/privaatsuspoliitika\/\" \/>\n<meta property=\"og:locale\" content=\"et_EE\" \/>\n<meta property=\"og:type\" content=\"article\" \/>\n<meta property=\"og:title\" content=\"Privaatsuspoliitika - Hipodroomi\" \/>\n<meta property=\"og:description\" content=\"Privaatsuspoliitika, isikuandmetetootlemine ja kupsiste poliitika. Vastutav andmet\u00f6\u00f6tleja HIPODROOMI DEVELOPMENT O\u00dcJ\u00f5e 4a, 10151, TallinnTelefon: 6001004E-mail:&nbsp;info@reterra.ee Isikuandmed on andmed, mida kogume teenuse osutamiseks, isiku tuvastamiseks, isikuga \u00fchenduse v\u00f5tmiseks teenuse osutamiseks v\u00f5i k\u00fcsimuste lahendamiseks. Me ei t\u00f6\u00f6tle EUROOPA PARLAMENDI JA N\u00d5UKOGU M\u00c4\u00c4RUS (EL) 2016\/679 (inglise keeles General Data Protection Regulation ehk GDPR v\u00f5i EU Regulation 2016\/679) m\u00e4\u00e4ruses defineeritud [&hellip;]\" \/>\n<meta property=\"og:url\" content=\"https:\/\/hipodroomi.reterra.ee\/elu\/privaatsuspoliitika\/\" \/>\n<meta property=\"og:site_name\" content=\"Hipodroomi\" \/>\n<meta property=\"article:modified_time\" content=\"2024-03-11T12:09:50+00:00\" \/>\n<meta property=\"og:image\" content=\"https:\/\/hipodroomi.reterra.ee\/elu\/wp-content\/uploads\/2024\/04\/share-picture-1.jpg\" \/>\n\t<meta property=\"og:image:width\" content=\"1200\" \/>\n\t<meta property=\"og:image:height\" content=\"675\" \/>\n\t<meta property=\"og:image:type\" content=\"image\/jpeg\" \/>\n<meta name=\"twitter:card\" content=\"summary_large_image\" \/>\n<meta name=\"twitter:label1\" content=\"Est. reading time\" \/>\n\t<meta name=\"twitter:data1\" content=\"8 minutit\" \/>\n<script type=\"application\/ld+json\" class=\"yoast-schema-graph\">{\"@context\":\"https:\/\/schema.org\",\"@graph\":[{\"@type\":\"WebPage\",\"@id\":\"https:\/\/hipodroomi.reterra.ee\/elu\/privaatsuspoliitika\/\",\"url\":\"https:\/\/hipodroomi.reterra.ee\/elu\/privaatsuspoliitika\/\",\"name\":\"Privaatsuspoliitika - Hipodroomi\",\"isPartOf\":{\"@id\":\"https:\/\/hipodroomi.reterra.ee\/elu\/#website\"},\"datePublished\":\"2024-01-17T09:34:54+00:00\",\"dateModified\":\"2024-03-11T12:09:50+00:00\",\"breadcrumb\":{\"@id\":\"https:\/\/hipodroomi.reterra.ee\/elu\/privaatsuspoliitika\/#breadcrumb\"},\"inLanguage\":\"et\",\"potentialAction\":[{\"@type\":\"ReadAction\",\"target\":[\"https:\/\/hipodroomi.reterra.ee\/elu\/privaatsuspoliitika\/\"]}]},{\"@type\":\"BreadcrumbList\",\"@id\":\"https:\/\/hipodroomi.reterra.ee\/elu\/privaatsuspoliitika\/#breadcrumb\",\"itemListElement\":[{\"@type\":\"ListItem\",\"position\":1,\"name\":\"Home\",\"item\":\"https:\/\/hipodroomi.reterra.ee\/elu\/\"},{\"@type\":\"ListItem\",\"position\":2,\"name\":\"Privaatsuspoliitika\"}]},{\"@type\":\"WebSite\",\"@id\":\"https:\/\/hipodroomi.reterra.ee\/elu\/#website\",\"url\":\"https:\/\/hipodroomi.reterra.ee\/elu\/\",\"name\":\"Hipodroomi\",\"description\":\"Roheline elu- ja \u00e4rikvartal\",\"publisher\":{\"@id\":\"https:\/\/hipodroomi.reterra.ee\/elu\/#organization\"},\"potentialAction\":[{\"@type\":\"SearchAction\",\"target\":{\"@type\":\"EntryPoint\",\"urlTemplate\":\"https:\/\/hipodroomi.reterra.ee\/elu\/?s={search_term_string}\"},\"query-input\":\"required name=search_term_string\"}],\"inLanguage\":\"et\"},{\"@type\":\"Organization\",\"@id\":\"https:\/\/hipodroomi.reterra.ee\/elu\/#organization\",\"name\":\"Hipodroomi\",\"url\":\"https:\/\/hipodroomi.reterra.ee\/elu\/\",\"logo\":{\"@type\":\"ImageObject\",\"inLanguage\":\"et\",\"@id\":\"https:\/\/hipodroomi.reterra.ee\/elu\/#\/schema\/logo\/image\/\",\"url\":\"https:\/\/hipodroomi.reterra.ee\/elu\/wp-content\/uploads\/2024\/04\/Favicon-1.png\",\"contentUrl\":\"https:\/\/hipodroomi.reterra.ee\/elu\/wp-content\/uploads\/2024\/04\/Favicon-1.png\",\"width\":512,\"height\":512,\"caption\":\"Hipodroomi\"},\"image\":{\"@id\":\"https:\/\/hipodroomi.reterra.ee\/elu\/#\/schema\/logo\/image\/\"}}]}<\/script>\n<!-- \/ Yoast SEO plugin. -->","yoast_head_json":{"title":"Privaatsuspoliitika - Hipodroomi","robots":{"index":"index","follow":"follow","max-snippet":"max-snippet:-1","max-image-preview":"max-image-preview:large","max-video-preview":"max-video-preview:-1"},"canonical":"https:\/\/hipodroomi.reterra.ee\/elu\/privaatsuspoliitika\/","og_locale":"et_EE","og_type":"article","og_title":"Privaatsuspoliitika - Hipodroomi","og_description":"Privaatsuspoliitika, isikuandmetetootlemine ja kupsiste poliitika. Vastutav andmet\u00f6\u00f6tleja HIPODROOMI DEVELOPMENT O\u00dcJ\u00f5e 4a, 10151, TallinnTelefon: 6001004E-mail:&nbsp;info@reterra.ee Isikuandmed on andmed, mida kogume teenuse osutamiseks, isiku tuvastamiseks, isikuga \u00fchenduse v\u00f5tmiseks teenuse osutamiseks v\u00f5i k\u00fcsimuste lahendamiseks. Me ei t\u00f6\u00f6tle EUROOPA PARLAMENDI JA N\u00d5UKOGU M\u00c4\u00c4RUS (EL) 2016\/679 (inglise keeles General Data Protection Regulation ehk GDPR v\u00f5i EU Regulation 2016\/679) m\u00e4\u00e4ruses defineeritud [&hellip;]","og_url":"https:\/\/hipodroomi.reterra.ee\/elu\/privaatsuspoliitika\/","og_site_name":"Hipodroomi","article_modified_time":"2024-03-11T12:09:50+00:00","og_image":[{"width":1200,"height":675,"url":"https:\/\/hipodroomi.reterra.ee\/elu\/wp-content\/uploads\/2024\/04\/share-picture-1.jpg","type":"image\/jpeg"}],"twitter_card":"summary_large_image","twitter_misc":{"Est. reading time":"8 minutit"},"schema":{"@context":"https:\/\/schema.org","@graph":[{"@type":"WebPage","@id":"https:\/\/hipodroomi.reterra.ee\/elu\/privaatsuspoliitika\/","url":"https:\/\/hipodroomi.reterra.ee\/elu\/privaatsuspoliitika\/","name":"Privaatsuspoliitika - Hipodroomi","isPartOf":{"@id":"https:\/\/hipodroomi.reterra.ee\/elu\/#website"},"datePublished":"2024-01-17T09:34:54+00:00","dateModified":"2024-03-11T12:09:50+00:00","breadcrumb":{"@id":"https:\/\/hipodroomi.reterra.ee\/elu\/privaatsuspoliitika\/#breadcrumb"},"inLanguage":"et","potentialAction":[{"@type":"ReadAction","target":["https:\/\/hipodroomi.reterra.ee\/elu\/privaatsuspoliitika\/"]}]},{"@type":"BreadcrumbList","@id":"https:\/\/hipodroomi.reterra.ee\/elu\/privaatsuspoliitika\/#breadcrumb","itemListElement":[{"@type":"ListItem","position":1,"name":"Home","item":"https:\/\/hipodroomi.reterra.ee\/elu\/"},{"@type":"ListItem","position":2,"name":"Privaatsuspoliitika"}]},{"@type":"WebSite","@id":"https:\/\/hipodroomi.reterra.ee\/elu\/#website","url":"https:\/\/hipodroomi.reterra.ee\/elu\/","name":"Hipodroomi","description":"Roheline elu- ja \u00e4rikvartal","publisher":{"@id":"https:\/\/hipodroomi.reterra.ee\/elu\/#organization"},"potentialAction":[{"@type":"SearchAction","target":{"@type":"EntryPoint","urlTemplate":"https:\/\/hipodroomi.reterra.ee\/elu\/?s={search_term_string}"},"query-input":"required name=search_term_string"}],"inLanguage":"et"},{"@type":"Organization","@id":"https:\/\/hipodroomi.reterra.ee\/elu\/#organization","name":"Hipodroomi","url":"https:\/\/hipodroomi.reterra.ee\/elu\/","logo":{"@type":"ImageObject","inLanguage":"et","@id":"https:\/\/hipodroomi.reterra.ee\/elu\/#\/schema\/logo\/image\/","url":"https:\/\/hipodroomi.reterra.ee\/elu\/wp-content\/uploads\/2024\/04\/Favicon-1.png","contentUrl":"https:\/\/hipodroomi.reterra.ee\/elu\/wp-content\/uploads\/2024\/04\/Favicon-1.png","width":512,"height":512,"caption":"Hipodroomi"},"image":{"@id":"https:\/\/hipodroomi.reterra.ee\/elu\/#\/schema\/logo\/image\/"}}]}},"_links":{"self":[{"href":"https:\/\/hipodroomi.reterra.ee\/elu\/wp-json\/wp\/v2\/pages\/527"}],"collection":[{"href":"https:\/\/hipodroomi.reterra.ee\/elu\/wp-json\/wp\/v2\/pages"}],"about":[{"href":"https:\/\/hipodroomi.reterra.ee\/elu\/wp-json\/wp\/v2\/types\/page"}],"author":[{"embeddable":true,"href":"https:\/\/hipodroomi.reterra.ee\/elu\/wp-json\/wp\/v2\/users\/1"}],"replies":[{"embeddable":true,"href":"https:\/\/hipodroomi.reterra.ee\/elu\/wp-json\/wp\/v2\/comments?post=527"}],"version-history":[{"count":3,"href":"https:\/\/hipodroomi.reterra.ee\/elu\/wp-json\/wp\/v2\/pages\/527\/revisions"}],"predecessor-version":[{"id":553,"href":"https:\/\/hipodroomi.reterra.ee\/elu\/wp-json\/wp\/v2\/pages\/527\/revisions\/553"}],"wp:attachment":[{"href":"https:\/\/hipodroomi.reterra.ee\/elu\/wp-json\/wp\/v2\/media?parent=527"}],"curies":[{"name":"wp","href":"https:\/\/api.w.org\/{rel}","templated":true}]}}